5) + 3 + 3).
-1
What is 5 + -6 + 3 - (0 + 7)?
-5
Evaluate 0 + -3 + (10 - -3) + -6.
4
Calculate 2 + (-3 + 0 - (3 - 7)).
3
What is 1 + (3 - 1) - (5 + -2)?
0
What is the value of (-3 - -4 - -6) + 3 + -4?
6
What is the value of 4 + -7 + (8 + -3 - 1)?
1
Evaluate 4 - 1 - (-2 - 3 - -5).
3
-5 + 0 + 2 + 8
5
What is the value of (-25 - -24) + 1 + 0 + 0?
0
Evaluate -1 - (0 - (6 + -4)).
1
What is the value of 0 - (-3 - -4) - -1?
0
What is the value of -3 + 0 - (-4 - (-1 - 3))?
-3
Evaluate -7 + (0 - (-12 - -9)).
-4
What is the value of 2 + (2 - 4) - -5?
5
Calculate 0 - (8 - 0 - 12).
4
What is (6 - 4) + -1 + (-3 - 2)?
-4
What is the value of -1 + (-10 - -4) + 1 + 2?
-4
Calculate 2 + (-2 - -6 - 10) + -3.
-7
Evaluate -2 + -4 + (2 - -1).
-3
What is -8 + (-3 - 7) + 9?
-9
What is the value of (6 - (11 - 1)) + 5?
1
Evaluate 10 + 0 + 0 + -7.
3
What is the value of -5 + 2 + (1 - 3) + 2?
-3
What is 0 - (-2 + (1 - (-4 + 7)))?
4
Evaluate (3 - 5) + (10 + -4 - -3).
7
Calculate -7 - 0 - (8 - 16).
1
What is the value of 16 - (4 - (0 + -2)) - 1?
9
What is the value of (0 - -3) + 0 - 2?
1
What is 4 - (11 - (4 - (5 - 2)))?
-6
What is 0 + -3 + (-2 - -3)?
-2
Evaluate (13 - 5) + -2 - 10.
-4
-5 + (-4 - 0) - (3 - 9)
-3
Evaluate -4 + 7 + (1 - -3) + -2.
5
What is -2 - (-1 - (-1 + 3) - -5)?
-4
What is 7 - 5 - (0 - (4 - 8))?
-2
What is -2 + (4 - (3 + -2)) + 3?
4
What is 2 + 2 - (0 + (1 - -2))?
1
What is the value of (6 - 12) + (2 - -8)?
4
Evaluate 1 - (9 - 2 - 3).
-3
What is the value of 1 + -1 + 6 + 6 + -12?
0
What is 9 - 19 - -3 - (-5 + 3)?
-5
Calculate 1 - ((-6 - -2) + (3 - 0)).
2
What is the value of 6 + (-5 - (8 + -5))?
-2
3 - (0 + -4 - -5)
2
Calculate -4 - -3 - -2 - (0 + 0).
1
What is -5 + -1 + -4 + 27 + -23?
-6
What is 10 + -28 + 18 - (0 - -2)?
-2
What is the value of 6 + (-4 - (-4 + 8))?
-2
What is the value of 3 + 1 - (-2 + 5)?
1
(-5 - -8) + (3 - 9)
-3
Evaluate -1 + -2 + (3 + 3 - -3).
6
Evaluate 4 + -4 + 6 + -6.
0
What is -2 + 5 + 1 + 2?
6
Evaluate (0 + -4 - -2) + (-84 - -90).
4
What is the value of 5 + (-2 - 3) + -1?
-1
Calculate 1 + 6 - (29 + -29).
7
What is (40 - 36) + (-4 + 3 - 10)?
-7
What is 16 - (6 + 2) - 9?
-1
Evaluate -1 + -2 + (5 - 0).
2
Calculate 1 - -2 - (-8 + (-4 - -10)).
5
(-5 + -3 - -1) + -9 + 7
-9
What is the value of (-5 - (-1 + -2 - 0)) + 2?
0
-2 - 11 - 4 - -11
-6
What is the value of -6 + -1 + 6 - -3 - 5?
-3
Evaluate 0 + 6 + (-10 - -2).
-2
Evaluate -1 + (-2 - 1) + 6.
2
What is the value of -2 - 0 - (-35 - -34)?
-1
Evaluate (1 - 1) + (19 - 17).
2
2 + (1 - 4) - 4 - -9
4
Evaluate (3 - 6) + (-15 - -20).
2
Calculate -1 + 5 + (-3 + 4 - 2).
3
What is 2 - 1 - 4 - (-29 + 23)?
3
Calculate (2 - 14) + 1 + 4 + 2.
-5
Evaluate 4 + (-15 - -3) + 3.
-5
What is -9 + 1 + 30 + -28?
-6
Evaluate 4 + -5 + (-7 - 4 - -3).
-9
What is 4 - (-1 + -4 - (-9 - 0))?
0
Evaluate 6 + (-4 - (-5 + 3) - 4).
0
-6 + (-4 - -3 - (-11 + -2))
6
-3 + -2 + 5 - (-2 + -5)
7
(4 - 3) + (-6 - -6)
1
Calculate (-31 - -33) + 1 + -1 + 3.
5
Evaluate 1 + (-1 - -6) + 11 + -12.
5
Evaluate 1 - (-2 - (0 + -8)).
-5
What is 0 - (-3 - (1 + -7 + 0))?
-3
Evaluate (-2 - -1) + -4 + (-32 - -42).
5
(7 - 3) + 1 + 10 + -7
8
-4 + 0 + 0 + 6
2
Evaluate -1 - (-10 + (-6 - -18)).
-3
Evaluate 5 + (0 - (1 + (-3 - -3))).
4
2 + (-13 - (-11 + 6)) + 1
-5
Calculate 3 - (7 + -5 + 4 + -2).
-1
What is 1 - -12 - (4 + (1 - -1))?
7
Evaluate (3 + -7 - -8) + -3 + 0.
1
What is the value of -3 + 1 + (-14 - -19)?
3
Evaluate 5 - (-2 + 11 + -1 + -3).
0
Evaluate -1 - -7 - (264 - 268).
10
Evaluate (-5 - -9) + -6 - 3.
-5
Calculate 4 + (0 - 5) - 4.
-5
What is -2 - 2 - (1 - 3)?
-2
(4 - 4 - (2 + -4)) + -3
-1
What is 2 + 1 + (-19 - -22) - 4?
2
Calculate -2 - (-3 - (-3 + -2)).
-4
Evaluate (-2 - ((3 - 1) + -2)) + -2.
-4
Calculate -5 + (-4 - -7 - -7) + -2.
3
What is (270 - 257) + 1 + -7?
7
What is the value of 1 - (18 + -10 - 12)?
5
Evaluate 1 - (11 + -5 + -5).
0
-13 - (5 + -4) - -8
-6
Evaluate (-8 - -3) + 5 + 1 + 1.
2
Calculate 1 + (1 + -2 - (-4 - -2)).
2
What is the value of (-3 - -2 - 2) + -19 + 17?
-5
13 + -13 + -5 + 2
-3
What is the value of (2 - -3) + (-11 - -4)?
-2
What is the value of (-1 - 1 - 4) + -1 + 3?
-4
Evaluate (1 - 10) + (-16 - -22).
-3
Calculate 3 - ((-1 - (-5 + 1)) + 4).
-4
Evaluate 8 - (5 - (6 - 4)).
5
1 - -4 - (-2 - (-8 - -1))
0
0 + -2 + 13 + -11
0
What is the value of 2 + -9 - (-4 - 5)?
2
-3 - (-3 + -3) - (-2 + 8)
-3
-6 + 4 + 1 + 5
4
Calculate (2 - (1 - 2)) + 4.
7
Evaluate -3 - 1 - -11 - (6 + -1).
2
What is 1 + 0 - (-2 + 4 - 1)?
0
What is (-4 - -5) + (0 - 4) + 8?
5
What is 0 + -1 + 5 + -4 + 0?
0
What is the value of -3 + (3 - 5) + 6?
1
Calculate 3 - -5 - (-7 + 14).
1
What is the value of (1 + 0 + -11 - -5) + 10?
5
Evaluate 29 + -10 + -9 - 10.
0
Calculate 113 + -113 - (-1 - (0 + 2)).
3
What is the value of -12 - -5 - -6 - (-5 + 2)?
2
Evaluate (6 - -1 - 8) + 0 + -1.
-2
Evaluate 5 + -8 + -1 + 3 - -1.
0
(8 - 6) + 3 + -9
-4
What is the value of -1 - -1 - (3 - (-2 + 6))?
1
What is the value of 2 + -9 - (-2 + 5 + -5)?
-5
10 - (12 + -13 + (6 - 1))
6
What is 4 + 0 + (5 - 4) - 1?
4
What is the value of -1 + 2 + (3 - (-3 - -7))?
0
-1 - (-1 - -2) - (-1 - -8)
-9
What is 1 - ((-8 - 0) + 17)?
-8
Calculate (-18 - -25) + -2 + 0.
5
What is -4 - (4 + -1 - (3 - 1))?
-5
What is the value of 4 + (14 - 5) + -7?
6
Calculate 2 + -3 + 3 - (0 - -7).
-5
What is 0 - (14 + -8 + (0 - -1))?
-7
(-7 - -7) + 5 - 5
0
Calculate (8 - 13 - -5 - -8) + -15.
-7
What is the value of -18 + (-3 - -6) + 19?
4
Calculate 6 + 0 + -8 + (8 - 3).
3
-7 - (1 + -2 + -3) - -2
-1
20 - 31 - (-2 + 2 - 4)
-7
What is the value of 9 + (0 - 2) + -2 + 1?
6
What is -3 - (-3 + (-3 - -4 - 0))?
-1
What is the value of 11 + (-8 - -5) + (2 - 6)?
4
Calculate -25 + 30 + 0 + -10 + 6.
1
What is the value of -2 - (8 + (6 - 24))?
8
79 + -79 + (-5 - (0 - -1))
-6
-1 - (4 - (2 - 4 - -4))
-3
What is -6 + (0 + -3 - -8)?
-1
What is (9 - (4 + 1)) + (4 - 6)?
2
Calculate 3 + (-3 - -4 - 3 - 2).
-1
(-4 - -2) + 1 + 1 + 3
3
What is the value of 0 + 3 + -10 + 2 + 11?
6
What is 3 + (-7 - (2 + 1)) + 2?
-5
Calculate 0 - (0 - -1 - 1).
0
What is the value of (7 - (5 + -5)) + -14?
-7
Calculate (4 - 1 - 8) + 1 + 8.
4
What is -5 + (-7 - 0) + 5?
-7
What is the value of -1 + -1 - ((0 - -1) + -1)?
-2
(1 - (2 + -2)) + 2 + -7
-4
What is the value of 26 + -25 + 5 + -1?
5
Evaluate (-3 + 3 - (-2 - -5)) + 2.
-1
What is 4 - (14 - 12 - (0 - -1))?
3
3 + (7 - (-4 - -12)) + -2
0
Evaluate -3 - (2 + 5 + -3 + -8).
1
Calculate (3 - (2 - -5)) + 4.
0
What is (-1 - -2) + (-13 - -13) + -4?
-3
Evaluate 3 + -1 + (10 + -7 - 4).
1
What is -2 + (4 - -2) - (4 - -4)?
-4
Calculate 6 + -2 - (-4 + 8).
0
What is 20 + -11 + -24 + 6?
-9
(1 - 3 - -2) + (-23 - -20)
-3
What is the value of 1 + (-5 - (-2 - 3)) + 2?
3
What is 1 - (4 - 3 - 4)?
4
What is the value of 1 + (-11 + (6 - 1) - 0)?
-5
4 + (-8 - -2 - 2) + 0
-4
Evaluate -6 - (7 + -5 + -2).
-6
What is -1 - (2 - (-4 - -3))?
-4
What is the value of (1 - -2) + -9 - -4?
-2
(-1 - -3 - 2) + -3
-3
Calculate -1 - (7 + 3 + (-10 - -6)).
-7
Calculate -6 - (-7 - (2 + -5) - 3).
1
What is the value of -5 + (8 - (4 + (-6 - -2)))?
3
Evaluate -23 + 22 + (4 - -1) + -6.
-2
What is the value of (-10 + 9 - (-5 + 1)) + 2?
5
What is the value of (4 - 2 - (-2 - -7)) + 1?
-2
What is the value of (-10 - -5) + (-2 - -2)?
-5
What is the value of 9 + (-5 - (0 + 14))?
-10
Evaluate 5 + (-8 - 2) + (10 - 4).
1
What is 2 + (2 - (3 - -1)) + -4?
-4
Evaluate 1 - (2 - -12 - 9).
-4
Calculate 6 + -11 + -3 + 8.
0
Calculate (-2 - 2) + (12 - (1 - -10)).
-3
Calculate 14 + -20 + 4 + 0.
-2
4 + -14 - (-1 + -6 + 1)
-4
Evaluate -15 + (21 - (5 + 7)).
-6
Evaluate 3 - 5 - ((-2 - 2) + 0).
2
-2 - (-1 + (-2 + 4 - 3))
0
Evaluate 4 + (-1 - 2 - -3 - 4).
0
Calculate (2 - 4) + 33 + -21.
10
2 + 3 - 2 - (6 + -1)
-2
Evaluate 2 + (1 + -3 - 4).
-4
What is the value of 2 + 3 + -12 + 3?
-4
What is the value of 3 + (7 + 1 - 5)?
6
What is the value of -3 + -4 - (-19 + 4 - -5)?
3
Calculate -4 + (5 - -2) + -4.
-1
What is -30 + 28 - (4 - 2)?
-4
Calculate -2 + (4 - (4 - 1)).
-1
What is the value of -5 + (20 - 8) + -8?
-1
Evaluate 6 - (2 - (-9 + 2)).
-3
What is (6 - 9) + 12 - 5?
4
Calculate (-9 - -4) + 3 - -3.
1
Calculate 52 + -53 + (8 - 2) + -1.
4
Calculate -2 + -1 + (2 - 3) + 5.
1
Evaluate 0 - ((-3 - (5 + -4)) + 1).
3
Evaluate (88 - 91 - (-1 + -3)) + 2.
3
What is the value of 2 + -5 + (32